{"id":58,"date":"2018-10-11T07:26:06","date_gmt":"2018-10-11T07:26:06","guid":{"rendered":"http:\/\/www.essencial.ca\/fr\/?page_id=58"},"modified":"2020-09-03T07:28:46","modified_gmt":"2020-09-03T07:28:46","slug":"coaching-personnel","status":"publish","type":"page","link":"https:\/\/www.essencial.ca\/fr\/coaching-personnel\/","title":{"rendered":"Coaching personnel"},"content":{"rendered":"<p>En tant que <em>Master Certified Coach<\/em> avec des milliers d\u2019heures de coaching individuel \u00e0 mon cr\u00e9dit, j\u2019ai eu le plaisir et l\u2019honneur d\u2019aider des centaines de personnes \u00e0 gagner confiance en elles-m\u00eames face \u00e0 de nouveaux r\u00f4les et situations, tant dans leur vie priv\u00e9e que professionnelle.<\/p>\n<p>Que vous traversiez une p\u00e9riode de changement important dans votre vie priv\u00e9e (mariage, divorce, etc.), que vous ayez \u00e9t\u00e9 promu \u00e0 un nouveau poste de leadership au travail ou que vous ayez choisi de changer de profession, notre collaboration vous aidera \u00e0 appr\u00e9hender cette p\u00e9riode de transition de fa\u00e7on efficace et pleine de sens.<\/p>\n<p>Ma formation, mes domaines d\u2019int\u00e9r\u00eat personnels, mon exp\u00e9rience avec mes clients ainsi que mon propre parcours m\u2019ont montr\u00e9 que toute&nbsp;transformation v\u00e9ritable ne peut se produire qu\u2019au point d\u2019intersection entre notre perception et nos d\u00e9sirs conscients, et notre ressenti, tr\u00e8s largement inconscient. Ce n\u2019est que lorsque ces dimensions sont totalement align\u00e9es et int\u00e9gr\u00e9es que nous sommes \u00e0 m\u00eame de vivre une vie porteuse, en ad\u00e9quation avec notre \u00eatre le plus profond&nbsp;!<\/p>\n<p>La plupart de mes clients de coaching d\u00e9marrent avec un contrat de 3&nbsp;mois, \u00e0 raison de 3&nbsp;s\u00e9ances mensuelles. Cela leur offre un espace de r\u00e9flexion et d\u2019int\u00e9gration n\u00e9cessaire et leur donne le temps de mener \u00e0 bien les actions convenues tout en assurant une continuit\u00e9 suffisante pour les aider \u00e0 garder leur objectif en t\u00eate.<\/p>\n<p>Les s\u00e9ances durent g\u00e9n\u00e9ralement entre 45 et 60 minutes. Elles ont lieu par t\u00e9l\u00e9phone ou sur Skype\/Zoom. Les s\u00e9ances \u00e0 distance pr\u00e9sentent de nombreux avantages, notamment une plus grande souplesse et une int\u00e9gration facile du travail effectu\u00e9, le client pouvant conditionner toute nouvelle prise de conscience dans son environnement habituel.<\/p>\n\n\n<p><\/p>\n","protected":false},"excerpt":{"rendered":"<p>En tant que Master Certified Coach avec des milliers d\u2019heures de coaching individuel \u00e0 mon cr\u00e9dit, j\u2019ai eu le plaisir et l\u2019honneur d\u2019aider des centaines de personnes \u00e0 gagner confiance en elles-m\u00eames face \u00e0 de nouveaux r\u00f4les et situations, tant dans leur vie priv\u00e9e que professionnelle. Que vous traversiez une p\u00e9riode de changement important dans &hellip; <\/p>\n<p class=\"link-more\"><a href=\"https:\/\/www.essencial.ca\/fr\/coaching-personnel\/\" class=\"more-link\">Continue reading<span class=\"screen-reader-text\"> &#8220;Coaching personnel&#8221;<\/span><\/a><\/p>\n","protected":false},"author":1,"featured_media":0,"parent":0,"menu_order":0,"comment_status":"closed","ping_status":"closed","template":"","meta":{"footnotes":""},"class_list":["post-58","page","type-page","status-publish","hentry"],"_links":{"self":[{"href":"https:\/\/www.essencial.ca\/fr\/wp-json\/wp\/v2\/pages\/58","targetHints":{"allow":["GET"]}}],"collection":[{"href":"https:\/\/www.essencial.ca\/fr\/wp-json\/wp\/v2\/pages"}],"about":[{"href":"https:\/\/www.essencial.ca\/fr\/wp-json\/wp\/v2\/types\/page"}],"author":[{"embeddable":true,"href":"https:\/\/www.essencial.ca\/fr\/wp-json\/wp\/v2\/users\/1"}],"replies":[{"embeddable":true,"href":"https:\/\/www.essencial.ca\/fr\/wp-json\/wp\/v2\/comments?post=58"}],"version-history":[{"count":62,"href":"https:\/\/www.essencial.ca\/fr\/wp-json\/wp\/v2\/pages\/58\/revisions"}],"predecessor-version":[{"id":438,"href":"https:\/\/www.essencial.ca\/fr\/wp-json\/wp\/v2\/pages\/58\/revisions\/438"}],"wp:attachment":[{"href":"https:\/\/www.essencial.ca\/fr\/wp-json\/wp\/v2\/media?parent=58"}],"curies":[{"name":"wp","href":"https:\/\/api.w.org\/{rel}","templated":true}]}}

<p>En tant que <em>Master Certified Coach</em> avec des milliers d’heures de coaching individuel à mon crédit, j’ai eu le plaisir et l’honneur d’aider des centaines de personnes à gagner confiance en elles-mêmes face à de nouveaux rôles et situations, tant dans leur vie privée que professionnelle.</p>
<p>Que vous traversiez une période de changement important dans votre vie privée (mariage, divorce, etc.), que vous ayez été promu à un nouveau poste de leadership au travail ou que vous ayez choisi de changer de profession, notre collaboration vous aidera à appréhender cette période de transition de façon efficace et pleine de sens.</p>
<p>Ma formation, mes domaines d’intérêt personnels, mon expérience avec mes clients ainsi que mon propre parcours m’ont montré que toute&nbsp;transformation véritable ne peut se produire qu’au point d’intersection entre notre perception et nos désirs conscients, et notre ressenti, très largement inconscient. Ce n’est que lorsque ces dimensions sont totalement alignées et intégrées que nous sommes à même de vivre une vie porteuse, en adéquation avec notre être le plus profond&nbsp;!</p>
<p>La plupart de mes clients de coaching démarrent avec un contrat de 3&nbsp;mois, à raison de 3&nbsp;séances mensuelles. Cela leur offre un espace de réflexion et d’intégration nécessaire et leur donne le temps de mener à bien les actions convenues tout en assurant une continuité suffisante pour les aider à garder leur objectif en tête.</p>
<p>Les séances durent généralement entre 45 et 60 minutes. Elles ont lieu par téléphone ou sur Skype/Zoom. Les séances à distance présentent de nombreux avantages, notamment une plus grande souplesse et une intégration facile du travail effectué, le client pouvant conditionner toute nouvelle prise de conscience dans son environnement habituel.</p>


<p></p>

<p>En tant que Master Certified Coach avec des milliers d’heures de coaching individuel à mon crédit, j’ai eu le plaisir et l’honneur d’aider des centaines de personnes à gagner confiance en elles-mêmes face à de nouveaux rôles et situations, tant dans leur vie privée que professionnelle. Que vous traversiez une période de changement important dans &hellip; </p>
<p class="link-more"><a href="https://www.essencial.ca/fr/coaching-personnel/" class="more-link">Continue reading<span class="screen-reader-text"> &#8220;Coaching personnel&#8221;</span></a></p>
